x = 1538 - 437. Suppose 4*t - 367 - x = -4*s, -5*t = -2*s - 1870. What is the greatest common factor of 31 and t?
31
Let g be (-16)/(-48) - (-1)/((-3)/(-2)). Let s = g - 2. Let r be 111*1 - (-2 - s). Calculate the greatest common factor of 28 and r.
28
Let v = -311 + 726. Let z = v + -272. Suppose 0*a - 26 = -2*a. What is the greatest common divisor of a and z?
13
Let c = 5482 + -4933. What is the greatest common factor of c and 12?
3
Suppose 1170 = -32146*b + 32172*b. Calculate the highest common factor of 23445 and b.
45
Let x(f) = 15*f - 5. Let j be x(3). Suppose m = 2*m - 19. Let a = 43 - m. What is the greatest common divisor of j and a?
8
Let m(c) = -3*c - 143. Let k be m(-54). Let d be 75831/210 + (-2)/20. What is the greatest common factor of k and d?
19
Let i(x) = -x**3 - 10*x**2 + 33*x - 17. Let r be i(-11). Let h = r + 307. Let s be -2 + 1*(39 - 1). What is the highest common factor of s and h?
12
Let q be ((-4)/(-7))/((-1110)/(-198135)). Calculate the highest common factor of 19 and q.
1
Let j(k) = k**3 - 6*k**2 - 4*k - 23. Let o be j(7). Let l be 8 + 4/8*(-2 - o). Suppose 0*f = -l*f + 64. Calculate the highest common divisor of f and 88.
8
Let f be (26350/(-124))/(1 + (-3)/2). Suppose -5 = 5*q - f. What is the greatest common divisor of 72 and q?
12
Let q = 3783 - 3773. Suppose 0 = 4*o - 4*z - 36, -o + 5*z = -5*o. Suppose -o*l + g = -295, -g - g = -4*l + 230. Calculate the greatest common factor of q and l.
10
Let y = 2243 - 1466. What is the greatest common factor of y and 21?
21
Suppose -3*z - 4*q = z - 32, -4*q - 59 = -3*z. Suppose -93 = -2*x + 147. Let u = 185 - x. Calculate the highest common factor of u and z.
13
Let x(q) = 7*q**2 - 9*q - 22. Let i be x(-6). Suppose 3*t - i = -35. Let m = t - 68. What is the greatest common divisor of m and 75?
15
Suppose -422 = 3*g - 48*b + 46*b, 0 = -g - b - 144. Let r = g + 193. What is the greatest common divisor of r and 425?
17
Suppose 3*g = -2*g - 10. Let i be (-7 - 47)*g*26/8. Suppose 3*u = -81 + i. What is the highest common divisor of 135 and u?
45
Let k = 13 - 13. Suppose 0 = -7*h - k - 28. Let m be 58 - (0 + (-12)/h). What is the highest common divisor of 11 and m?
11
Let b = -10811 - -10853. What is the greatest common divisor of 63 and b?
21
Let p(i) be the third derivative of -25*i**4/24 - 31*i**3/3 - 3*i**2 + 31. Let o be p(-14). Calculate the highest common factor of o and 24.
24
Let t(o) = 22*o**2 + 89*o + 7. Let y be t(-4). What is the highest common factor of 50 and y?
1
Let p(b) = 260*b**2 + 4*b. Let c be p(3). Suppose 38*k - c = 30*k. What is the highest common factor of 210 and k?
42
Let p be 2/8 - (6 - 165/12). Let b be 4/(p/10) - (4 - 87). Calculate the greatest common divisor of 44 and b.
44
Suppose 17*d + 114 = 16*d + 5*b, -4*b - 454 = 5*d. Let p(v) = -34*v - 4. Let s be p(-4). Let y = s + d. What is the greatest common divisor of 2 and y?
2
Suppose 28*c - 30*c = -528. Let m = 480 - c. Calculate the highest common divisor of 27 and m.
27
Suppose 3*s - 157 = 23. Let x(d) = -d**3 - 5*d**2 + 27*d - 33. Let r be x(-9). Calculate the greatest common divisor of s and r.
12
Let o = -18 - -19. Let q be 84/9*o/(-2)*-3. Let l(h) = h**2 + 12*h - 6. Let y be l(8). Calculate the highest common factor of y and q.
14
Let p(u) = -u**3 + 22*u**2 + 5*u - 54. Let f be p(22). Suppose 29*t = 28*t + 3*l + 72, -l = t - f. What is the greatest common divisor of t and 100?
20
Suppose 0 = 6*t - t - 125. Suppose 0 = -5*d - 303 + 358. Let b(n) = n**3 - 11*n**2 + 26*n - 61. Let a be b(d). What is the greatest common factor of t and a?
25
Suppose -4*n + 112 = -4*o, -3*n + 3*o = 4*o - 64. Suppose -29*c + n*c = -6. What is the highest common divisor of c and 17?
1
Suppose 3*r = -2*k + 1361, 5*r + 4*k - 2502 + 233 = 0. Suppose 2*v - 269 = -20*b + 17*b, v - r = -5*b. What is the highest common factor of 156 and b?
13
Let g(c) = -44*c + 60. Let t be g(8). Let h = 328 + t. What is the highest common factor of h and 240?
12
Suppose -2*w = -5*w - 2*a + 274, -415 = -5*w + 5*a. Let f = -18 + w. What is the greatest common factor of 14 and f?
14
Let s be (5 - 102/18)/(4/132). Let i(h) = h**2 + 22*h + 9. Let w be i(s). What is the highest common divisor of 81 and w?
9
Suppose 91313 = 42*a - 215497. Calculate the greatest common divisor of 15 and a.
15
Let m = -147 + 143. Let q be 0 - (-7 + -1 + m). Calculate the greatest common factor of q and 108.
12
Let c(p) = 2*p**2 - p + 2. Let q be c(-2). Let t be ((-5)/15)/((-10)/6 - -2). Let s = t - -37. Calculate the greatest common factor of s and q.
12
Let u(m) = -9*m - 11*m - 21*m**3 + 22*m + 2*m**2 + 1. Let d be u(-1). Let r = d + -8. What is the greatest common divisor of r and 56?
14
Let h be (-62)/(-7) - ((-34)/(-7) - 5). Suppose -9 = -3*s + h. Let o be s*6*(-8)/(-6). What is the greatest common divisor of 6 and o?
6
Let c(i) = -6*i + 2. Let w be c(-3). Suppose 3*r - 139 = -133. Suppose 5*z - u - 94 = r*z, z = 2*u + 38. Calculate the highest common divisor of z and w.
10
Suppose -3 = j - 4. Let l = j + 5. Suppose 0 = -r - g + 7, 5*g + 17 = 2*r + 10*g. Calculate the highest common factor of r and l.
6
Let b = 161 + 427. What is the highest common divisor of 16 and b?
4
Let q be -1*(-4)/(-28)*-7. Suppose q = c - 2. Suppose w - 17 = p + 7, -c*p = -12. Calculate the highest common divisor of 84 and w.
28
Let k be (26/1)/((-2)/(-3)). Let i(w) = -49*w + 6387. Let v be i(120). Calculate the greatest common divisor of v and k.
39
Suppose r = -2*r - 90. Let d be ((-48)/(-9))/((-34)/r + -1). Let n be 9 - (-2 + 4)/2. Calculate the greatest common factor of n and d.
8
Suppose 0*a = -3*a + 2*a. Suppose a = -3*x + 4*f + 192, 2*x - 69 = 2*f + 61. Let t = -2 + 19. Calculate the highest common factor of t and x.
17
Let b(r) = 85*r**2 - 590*r + 8. Let h be b(7). Calculate the greatest common factor of h and 4429.
43
Let g be (-1 - 64)/(-2 + 3). Let v = g + 94. What is the highest common divisor of v and 319?
29
Let z = 14130 - 14062. Suppose -307 - 33 = -4*n. Calculate the greatest common divisor of z and n.
17
Let i = 109 - 14. Suppose -43*f + 3*p = -40*f - 234, -f + 80 = -2*p. Calculate the greatest common factor of f and i.
19
Suppose -3*w - 1153 = -1411. What is the highest common divisor of 4 and w?
2
Let x = -368 - -370. Let k be 18*(x + (-7)/(-21)). What is the highest common divisor of k and 189?
21
Let u(g) = -g**2 + 83*g - 206. Let h be u(69). Suppose -3*r - 5*m = -5*r + 185, 165 = 2*r - m. Calculate the highest common divisor of r and h.
40
Let y = -16804 - -21064. What is the highest common factor of y and 105?
15
Let g(v) = 8*v**2 - 6*v. Let s be g(5). Let y(m) = 13*m**3 + 55*m**2 - 262*m - 2. Let k be y(-7). What is the highest common factor of k and s?
34
Let p be (-1 - -3)/((-16)/(-696)). Let y = -102 + p. Let j be (2 - 1)*3*(-10)/y. What is the greatest common factor of 26 and j?
2
Let g = 15298 - 15226. Calculate the highest common divisor of g and 1503.
9
Let g = -15 - -181. Suppose 145 = 5*i - 2*u - 289, 3*u = -2*i + g. Calculate the highest common divisor of i and 2.
2
Let k be ((-2)/(-3))/(13/15171). Let r = k - 484. What is the greatest common factor of r and 63?
21
Let t(c) = 3*c + 59. Let k be t(-11). Suppose -19*v + k*v = 630. What is the highest common divisor of 10 and v?
10
Suppose -q = -3*u + 10, -5*u + 0*q + 15 = -2*q. Suppose -6*t = -u*y - 3*t + 782, -t - 4 = 0. What is the highest common divisor of 42 and y?
14
Let h = -33 - -38. Let x = 30 + -18. Suppose -i + 5*m = x, -40 = -h*i + 2*i - 4*m. Calculate the greatest common factor of i and 4.
4
Let b be 6/(-10)*15 - -135. What is the greatest common factor of 144 and b?
18
Let r(k) = -k**3 + 24*k**2 + 26*k - 138. Let s be r(25). Let n = 193 + s. What is the highest common factor of 16 and n?
16
Let d = 6320 - 6140. Calculate the greatest common factor of d and 160.
20
Suppose -2*k - 5*p = 3, 2*k + 6 = k + 2*p. Let m(i) = -4*i - 16. Let j be m(k). Suppose 9*y + 4*y - 208 = j. What is the highest common factor of y and 144?
16
Let g = 106777 - 105327. Suppose f + 3 = -4*l + 198, -115 = -2*l + 3*f. Calculate the highest common divisor of l and g.
50
Let a(o) = o**2 - 14*o + 51. Let p be a(6). Suppose p*x + 4*w - 30 = 94, -5*x = 4*w - 196. Calculate the highest common factor of 126 and x.
18
Su